).
6
Let m(s) = 235*s - 2679. Determine m(12).
141
Let z(k) = 10637*k - 180836. Calculate z(17).
-7
Let k(j) = -128*j - 10542. Give k(-82).
-46
Let i(x) = -16333*x - 261348. Calculate i(-16).
-20
Let w(z) = 790*z + 1853. Calculate w(-3).
-517
Let u(v) = -4*v**2 + 1316*v - 83646. Give u(243).
-54
Let a(y) = 3166*y + 20034. Give a(-6).
1038
Let x(l) = -29*l**3 + 39*l**2 - 172*l + 169. Give x(1).
7
Let h(f) = -f**2 - 165*f + 24944. What is h(89)?
2338
Let l(i) = 2408*i - 448029. What is l(186)?
-141
Let j(h) = -h**2 + 125*h - 3593. Determine j(80).
7
Let z(a) = 1417*a**2 - 90685*a - 159. Give z(64).
33
Let f(w) = 200*w**2 + 246*w + 508. What is f(-2)?
816
Let x(n) = -2*n**2 - 29*n + 11077. Determine x(-82).
7
Let j(n) = -n**3 - 13*n**2 - 126*n - 1404. Calculate j(-9).
-594
Let x(h) = -59954*h + 2637979. What is x(44)?
3
Let r(y) = -46*y**2 + 1162*y + 845. What is r(26)?
-39
Let f(j) = -6831*j - 76094. Determine f(-11).
-953
Let m(n) = -4*n**2 + 12366*n - 656102. Determine m(54).
-2
Let r(v) = -v**3 + 168*v**2 + 2535*v - 189. Determine r(-14).
-7
Let m(v) = -414*v - 1663. Give m(-5).
407
Let a(w) = -45434*w + 2362561. Determine a(52).
-7
Let x(c) = c**3 - 10*c**2 - 197*c + 2047. Calculate x(12).
-29
Let x(s) = -140*s**2 + 24081*s - 195. Determine x(172).
-23
Let f(r) = -r**3 + 9*r**2 + 26065*r - 286473. Determine f(11).
0
Let x(l) = 2152*l + 68866. Determine x(-32).
2
Let f(g) = g**3 - 33*g**2 - 32*g - 57. Give f(32).
-2105
Let l(b) = b**3 - 37*b**2 + 6495*b - 232517. What is l(36)?
7
Let p(h) = 11*h**3 + 115*h**2 - 1195*h - 12411. Determine p(-11).
8
Let a(l) = 134878*l - 539596. Determine a(4).
-84
Let t(d) = -2229*d + 100304. What is t(45)?
-1
Let k(z) = -10*z - 920. What is k(-84)?
-80
Let n(x) = 3*x**2 - 2791*x + 396678. Calculate n(175).
128
Let v(j) = 95*j**3 - 413*j**2 - 315*j + 26. What is v(5)?
1
Let c(d) = -2260*d + 72283. What is c(32)?
-37
Let p(j) = -225*j + 5541. Give p(15).
2166
Let x(y) = -3*y**2 - 37366*y - 13133362. Give x(-362).
-2
Let r(j) = 1105*j**2 + 102*j - 13. What is r(-2)?
4203
Let a(i) = 25592*i + 614334. What is a(-24)?
126
Let y(s) = 10035*s - 8439441. Give y(841).
-6
Let k(f) = 102*f**2 + 16010*f - 648. What is k(-157)?
-20
Let l(g) = 210*g**2 - 4089*g - 48. Give l(20).
2172
Let z(q) = -23343*q - 3081262. Calculate z(-132).
14
Let o(r) = 3*r**2 - 158*r - 1287. What is o(60)?
33
Let t(i) = 15*i**2 + 229*i - 2349. Determine t(10).
1441
Let v(i) = i**2 - 126677*i + 1013349. Give v(8).
-3
Let v(h) = -519119*h + 3114714. What is v(6)?
0
Let l(w) = -w**2 + 6461*w + 25869. What is l(-4)?
9
Let r(q) = -q**3 + 30*q**2 - 60*q - 156. Calculate r(30).
-1956
Let b(y) = -3*y**3 - 578*y**2 + 5039*y + 2809. Calculate b(-201).
-5
Let t(c) = 110*c + 10904. What is t(-98)?
124
Let n(c) = c**3 - 93*c**2 - 16*c + 1498. Give n(93).
10
Let m(c) = -c**2 + 4397*c - 290142. What is m(67)?
-32
Let g(p) = 8634*p + 1899673. Give g(-220).
193
Let v(t) = -t**2 - 199*t - 1896. Calculate v(-187).
348
Let r(v) = -v**3 - 4*v**2 - 305*v - 1904. Determine r(-6).
-2
Let o(b) = -16*b**2 + 73*b + 138. Determine o(6).
0
Let g(o) = 407*o - 126. Determine g(-4).
-1754
Let w(l) = -1271*l + 25106. What is w(20)?
-314
Let a(m) = 759*m + 900. Determine a(-2).
-618
Let c(r) = -1601*r - 1868. Determine c(-1).
-267
Let t(d) = -1095*d + 123810. Determine t(113).
75
Let k(f) = -7689*f - 1114948. Give k(-145).
-43
Let t(c) = -307*c - 63862. What is t(-209)?
301
Let t(x) = 119286*x - 238546. What is t(2)?
26
Let n(x) = 218*x**3 + 4798*x**2 + 44*x + 21. What is n(-22)?
21
Let n(m) = m**3 + 24*m**2 - 1974*m + 71. Give n(34).
3
Let k(o) = 814*o**3 + 4066*o**2 + 36*o + 287. Give k(-5).
7
Let v(s) = -6*s**2 + 37*s + 1428. Determine v(-18).
-1182
Let p(f) = 132*f**2 - 27415*f - 8526. Determine p(208).
2
Let j(m) = -13*m**2 + 2692*m - 2707. What is j(206)?
177
Let u(l) = 1232*l - 6881. Determine u(7).
1743
Let y(s) = -1327*s + 14424. Calculate y(8).
3808
Let j(d) = 65*d + 2963. Determine j(-49).
-222
Let y(d) = -d**3 + 1776*d**2 - 17659*d + 25. Determine y(10).
35
Let i(t) = -t**3 - 29*t**2 - 78*t - 655. Calculate i(-27).
-7
Let o(m) = 21890*m + 21845. Calculate o(-1).
-45
Let p(o) = 8418*o - 13. Calculate p(0).
-13
Let n(s) = -s**3 - 1432*s**2 + 64930*s + 611. Determine n(44).
-5
Let x(d) = 12*d**2 + 235*d + 1281. What is x(-11)?
148
Let n(z) = -z**3 - 19*z**2 - 107*z - 32. Give n(-14).
486
Let x(b) = -b**3 + 40*b**2 - 67*b + 546. Determine x(38).
888
Let l(n) = -2*n**3 + 18*n**2 + 925*n - 8308. Determine l(9).
17
Let w(v) = 447*v**2 + 276686*v - 4342. What is w(-619)?
-9
Let r(h) = h**3 - 85*h**2 - 224*h + 3569. Determine r(87).
-781
Let t(b) = 644*b + 9106. Determine t(-13).
734
Let l(t) = -t**2 - 5489*t - 60188. Calculate l(-11).
70
Let s(q) = -456*q**3 - 13*q**2 - 138*q - 219. Give s(-2).
3653
Let z(i) = 7*i**2 + 31*i - 616. Give z(-11).
-110
Let y(r) = 550*r - 85266. Determine y(155).
-16
Let o(w) = -10*w**3 - 81*w**2 - 51*w - 1138. Calculate o(-9).
50
Let f(p) = -6*p**3 - 45*p**2 + 241*p - 2. What is f(7)?
-2578
Let x(n) = 3553*n**2 + 10650*n + 34. Give x(-3).
61
Let q(d) = 2*d**2 + 69005*d - 345083. Determine q(5).
-8
Let r(v) = 14*v + 807. Calculate r(-35).
317
Let q(g) = 2126*g + 14907. Determine q(-7).
25
Let t(h) = -139995*h - 2659903. What is t(-19)?
2
Let t(u) = -u**2 - 22297*u - 490040. Determine t(-22).
10
Let c(l) = l**2 + 992*l + 55949. Give c(-60).
29
Let y(s) = s**3 + 146*s**2 + 186*s + 6216. Determine y(-145).
271
Let j(i) = -i**3 - 8*i**2 + 2179*i + 27473. Calculate j(-13).
-9
Let v(a) = 8*a**2 + 972*a + 22918. Determine v(-32).
6
Let r(p) = -59*p**2 - 3667*p - 10971. Calculate r(-59).
3
Let j(i) = i**3 - 239*i**2 - 482*i - 1397. Give j(241).
-1397
Let o(k) = 4001*k + 15030. What is o(-3)?
3027
Let p(y) = 4*y**3 + 256*y**2 - 808*y - 276. Calculate p(-67).
-8
Let m(a) = -2*a**3 + 8*a**2 + 304*a + 1268. Give m(16).
-12
Let w(d) = 11*d**3 + 387*d**2 + 77*d + 195. Calculate w(-35).
-50
Let n(k) = -3*k**2 + 36*k + 186. Determine n(8).
282
Let y(b) = -3*b**3 - 43*b**2 + 39*b + 91. Determine y(-7).
-1260
Let o(w) = 8*w**2 - 1376*w - 3030. Determine o(174).
-246
Let i(q) = -56*q**2 + 109*q - 479. Calculate i(4).
-939
Let z(w) = 192*w - 11589. Calculate z(62).
315
Let i(b) = -b**2 + 2251*b - 17795. Calculate i(8).
149
Let a(u) = u**2 - 225*u + 10788. Give a(69).
24
Let d(f) = -f**3 - 32*f**2 + 1225*f - 3362. Give d(3).
-2
Let c(g) = 74665*g - 373287. What is c(5)?
38
Let l(f) = f**2 + 3867*f - 11. Give l(0).
-11
Let k(l) = l**3 + 93*l**2 + 2203*l + 2294. Calculate k(-49).
-9
Let y(h) = h**3 + 47*h**2 - 2727*h + 2170. Give y(-81).
-17
Let p(b) = 196748*b - 1180446. What is p(6)?
42
Let x(b) = -b**3 - 18*b**2 - 186*b - 4232. Calculate x(-19).
-337
Let g(m) = 2098*m - 40307. Determine g(20).
1653
Let k(q) = -q**3 + 6*q**2 + 151*q - 58. What is k(-7)?
-478
Let h(f) = -4*f**2 + 508*f + 11059. What is h(146)?
-37
Let d(c) = 749*c - 48910. Determine d(65).
-225
Let s(a) = 18*a**2 + 147*a + 53. Calculate s(-8).
29
Let q(s) = 56*s**2 + 1645*s + 615. Determine q(-29).
6
Let t(i) = 3*i**3 + 673*i**2 + 462*i + 53302. What is t(-224)?
-10
Let t(s) = 11*s**2 - 418*s + 2141. Calculate t(6).
29
Let u(c) = 149*c + 4219. What is u(-29)?
-102
Let r(o) = 75*o + 11948. What is r(-160)?
-52
Let r(w) = -42475*w + 637091. What is r(15)?
-34
Let i(n) = -634*n**2 + 8859*n + 228. Determine i(14).
-10
Let h(q) = -14*q**3 - 5*q**2 - 521*q + 525. Determine h(1).
-15
Let j(l) = -8*l**2 - 66*l + 380. Determine j(-11).
138
Let x(v) = 5366*v + 63791. What is x(-12)?
-601
Let j(w) = -4203*w + 14248. Determine j(3).
1639
Let f(l) = -2*l**2 + 17726*l + 35471. Determine f(-2).
11
Let u(i) = 9980*i + 509008. What is u(-51)?
28
Let u(l) = l**3 - 118*l**2 + 137*l - 1477. What is u(117)?
863
Let p(l) = 33*l**3 + 37*l**2 + 2*l - 38. Calculate p(1).
34
Let g(q) = -16501*q - 132040. Calculate g(-8).
-32
Let b(l) = 286*l**2 + 31458*l - 223. Give b(-110).
-3
Let b(g) = -5*g**2 + 269*g + 1125. Give b(-4).
-31
Let s(r) = -28756*r - 144046. Give s(-5).
-266
Let s(l) = 94*l**2 - 735*l - 732. What is s(-1)?
97
Let v(w) = -27*w**3 + 529*w**2 + 1126*w - 1. What is v(-2)?
79
Let z(g) = -179*g**2 - 1042*g - 71. Give z(-5).
664
Let l(c) = -c**2 - 99*c + 3763. Determine l(25).
663
Let v(w) = 11*w**2 - 7257*w + 1452